{"id":1184,"date":"2023-04-25T10:04:27","date_gmt":"2023-04-25T08:04:27","guid":{"rendered":"http:\/\/jardinethno.fr\/?page_id=1184"},"modified":"2023-04-25T10:08:40","modified_gmt":"2023-04-25T08:08:40","slug":"elementor-1184","status":"publish","type":"page","link":"https:\/\/jardinethno.fr\/?page_id=1184","title":{"rendered":"Elementor #1184"},"content":{"rendered":"\t\t<div data-elementor-type=\"wp-page\" data-elementor-id=\"1184\" class=\"elementor elementor-1184\">\n\t\t\t\t\t\t\t\t\t<section class=\"elementor-section elementor-top-section elementor-element elementor-element-7220qii elementor-section-height-min-height elementor-section-boxed elementor-section-height-default elementor-section-items-middle\" data-id=\"7220qii\" data-element_type=\"section\" data-settings=\"{&quot;background_background&quot;:&quot;classic&quot;}\">\n\t\t\t\t\t\t\t<div class=\"elementor-background-overlay\"><\/div>\n\t\t\t\t\t\t\t<div class=\"elementor-container elementor-column-gap-default\">\n\t\t\t\t\t<div class=\"elementor-column elementor-col-100 elementor-top-column elementor-element elementor-element-be10890\" data-id=\"be10890\" data-element_type=\"column\">\n\t\t\t<div class=\"elementor-widget-wrap elementor-element-populated\">\n\t\t\t\t\t\t\t\t<div class=\"elementor-element elementor-element-02500f6 elementor-widget elementor-widget-heading\" data-id=\"02500f6\" data-element_type=\"widget\" data-widget_type=\"heading.default\">\n\t\t\t\t<div class=\"elementor-widget-container\">\n\t\t\t<style>\/*! elementor - v3.11.1 - 15-02-2023 *\/\n.elementor-heading-title{padding:0;margin:0;line-height:1}.elementor-widget-heading .elementor-heading-title[class*=elementor-size-]>a{color:inherit;font-size:inherit;line-height:inherit}.elementor-widget-heading .elementor-heading-title.elementor-size-small{font-size:15px}.elementor-widget-heading .elementor-heading-title.elementor-size-medium{font-size:19px}.elementor-widget-heading .elementor-heading-title.elementor-size-large{font-size:29px}.elementor-widget-heading .elementor-heading-title.elementor-size-xl{font-size:39px}.elementor-widget-heading .elementor-heading-title.elementor-size-xxl{font-size:59px}<\/style><h1 class=\"elementor-heading-title elementor-size-default\">Les Jardins<\/h1>\t\t<\/div>\n\t\t\t\t<\/div>\n\t\t\t\t<div class=\"elementor-element elementor-element-ffe4386 elementor-widget elementor-widget-text-editor\" data-id=\"ffe4386\" data-element_type=\"widget\" data-widget_type=\"text-editor.default\">\n\t\t\t\t<div class=\"elementor-widget-container\">\n\t\t\t<style>\/*! elementor - v3.11.1 - 15-02-2023 *\/\n.elementor-widget-text-editor.elementor-drop-cap-view-stacked .elementor-drop-cap{background-color:#818a91;color:#fff}.elementor-widget-text-editor.elementor-drop-cap-view-framed .elementor-drop-cap{color:#818a91;border:3px solid;background-color:transparent}.elementor-widget-text-editor:not(.elementor-drop-cap-view-default) .elementor-drop-cap{margin-top:8px}.elementor-widget-text-editor:not(.elementor-drop-cap-view-default) .elementor-drop-cap-letter{width:1em;height:1em}.elementor-widget-text-editor .elementor-drop-cap{float:left;text-align:center;line-height:1;font-size:50px}.elementor-widget-text-editor .elementor-drop-cap-letter{display:inline-block}<\/style>\t\t\t\t\t\t\t\t\t\t<\/div>\n\t\t\t\t<\/div>\n\t\t\t\t\t<\/div>\n\t\t<\/div>\n\t\t\t\t\t\t\t<\/div>\n\t\t<\/section>\n\t\t\t\t<section class=\"elementor-section elementor-top-section elementor-element elementor-element-fa5b33a elementor-section-boxed elementor-section-height-default elementor-section-height-default\" data-id=\"fa5b33a\" data-element_type=\"section\">\n\t\t\t\t\t\t<div class=\"elementor-container elementor-column-gap-no\">\n\t\t\t\t\t<div class=\"elementor-column elementor-col-100 elementor-top-column elementor-element elementor-element-175be2c\" data-id=\"175be2c\" data-element_type=\"column\">\n\t\t\t<div class=\"elementor-widget-wrap elementor-element-populated\">\n\t\t\t\t\t\t\t\t<div class=\"elementor-element elementor-element-4bc6a95 elementor-widget__width-initial elementor-widget-mobile__width-inherit elementor-position-top elementor-vertical-align-top elementor-widget elementor-widget-image-box\" data-id=\"4bc6a95\" data-element_type=\"widget\" data-widget_type=\"image-box.default\">\n\t\t\t\t<div class=\"elementor-widget-container\">\n\t\t\t<style>\/*! elementor - v3.11.1 - 15-02-2023 *\/\n.elementor-widget-image-box .elementor-image-box-content{width:100%}@media (min-width:768px){.elementor-widget-image-box.elementor-position-left .elementor-image-box-wrapper,.elementor-widget-image-box.elementor-position-right .elementor-image-box-wrapper{display:flex}.elementor-widget-image-box.elementor-position-right .elementor-image-box-wrapper{text-align:right;flex-direction:row-reverse}.elementor-widget-image-box.elementor-position-left .elementor-image-box-wrapper{text-align:left;flex-direction:row}.elementor-widget-image-box.elementor-position-top .elementor-image-box-img{margin:auto}.elementor-widget-image-box.elementor-vertical-align-top .elementor-image-box-wrapper{align-items:flex-start}.elementor-widget-image-box.elementor-vertical-align-middle .elementor-image-box-wrapper{align-items:center}.elementor-widget-image-box.elementor-vertical-align-bottom .elementor-image-box-wrapper{align-items:flex-end}}@media (max-width:767px){.elementor-widget-image-box .elementor-image-box-img{margin-left:auto!important;margin-right:auto!important;margin-bottom:15px}}.elementor-widget-image-box .elementor-image-box-img{display:inline-block}.elementor-widget-image-box .elementor-image-box-title a{color:inherit}.elementor-widget-image-box .elementor-image-box-wrapper{text-align:center}.elementor-widget-image-box .elementor-image-box-description{margin:0}<\/style><div class=\"elementor-image-box-wrapper\"><figure class=\"elementor-image-box-img\"><img decoding=\"async\" src=\"https:\/\/jardinethno.fr\/wp-content\/uploads\/2023\/02\/DSC_8651-scaled.jpg\" title=\"DSC_8651\" alt=\"DSC_8651\" loading=\"lazy\" \/><\/figure><div class=\"elementor-image-box-content\"><h4 class=\"elementor-image-box-title\">Jardin potager m\u00e9di\u00e9val<\/h4><p class=\"elementor-image-box-description\">Charg\u00e9 d'histoire et de g\u00e9ographie, ce jardin pr\u00e9sente des l\u00e9gumes cultiv\u00e9s avant les grandes d\u00e9couvertes. Point de tomates, ni de haricots, ils ne sont pas encore arriv\u00e9s d'Am\u00e9rique. Oignons, choux, poireaux, c\u00f4toient lentilles, f\u00e8ves, pois, navets... <\/p><\/div><\/div>\t\t<\/div>\n\t\t\t\t<\/div>\n\t\t\t\t<div class=\"elementor-element elementor-element-78b7e3c elementor-widget__width-initial elementor-widget-mobile__width-inherit elementor-position-top elementor-vertical-align-top elementor-widget elementor-widget-image-box\" data-id=\"78b7e3c\" data-element_type=\"widget\" data-widget_type=\"image-box.default\">\n\t\t\t\t<div class=\"elementor-widget-container\">\n\t\t\t<div class=\"elementor-image-box-wrapper\"><figure class=\"elementor-image-box-img\"><img decoding=\"async\" src=\"https:\/\/jardinethno.fr\/wp-content\/uploads\/2023\/02\/DSC_8300-scaled.jpg\" title=\"DSC_8300\" alt=\"DSC_8300\" loading=\"lazy\" \/><\/figure><div class=\"elementor-image-box-content\"><div class=\"elementor-image-box-title\">Jardin de simple<\/div><p class=\"elementor-image-box-description\">Lieu de m\u00e9moire et de savoir, il t\u00e9moigne de l'utilisation des plantes dans la vie quotidienne en Basses C\u00e9vennes au d\u00e9but du XXe si\u00e8cle. \nPlantes m\u00e9dicinales mais aussi plantes d'usages ludiques, aromatiques, magiques... \u00e9voquent un pass\u00e9 o\u00f9 l'homme et son environnement \u00e9taient intimement li\u00e9s. <\/p><\/div><\/div>\t\t<\/div>\n\t\t\t\t<\/div>\n\t\t\t\t<div class=\"elementor-element elementor-element-b081770 elementor-widget__width-initial elementor-widget-mobile__width-inherit elementor-position-top elementor-vertical-align-top elementor-widget elementor-widget-image-box\" data-id=\"b081770\" data-element_type=\"widget\" data-widget_type=\"image-box.default\">\n\t\t\t\t<div class=\"elementor-widget-container\">\n\t\t\t<div class=\"elementor-image-box-wrapper\"><figure class=\"elementor-image-box-img\"><img decoding=\"async\" src=\"https:\/\/jardinethno.fr\/wp-content\/uploads\/2023\/02\/DSC_8132-scaled.jpg\" title=\"DSC_8132\" alt=\"DSC_8132\" loading=\"lazy\" \/><\/figure><div class=\"elementor-image-box-content\"><div class=\"elementor-image-box-title\">Jardin Botanique<\/div><p class=\"elementor-image-box-description\">De nombreuses esp\u00e8ces v\u00e9g\u00e9tales, certaines rares et prot\u00e9g\u00e9es, sont pr\u00e9sentes dans la r\u00e9gion. Le jardin botanique, sous l'aspect d'une rocaille paysag\u00e8re, rassemble les plus repr\u00e9sentatives dans leurs diff\u00e9rents habitats.<\/p><\/div><\/div>\t\t<\/div>\n\t\t\t\t<\/div>\n\t\t\t\t<div class=\"elementor-element elementor-element-5603df3 elementor-widget__width-initial elementor-widget-mobile__width-inherit elementor-position-top elementor-vertical-align-top elementor-widget elementor-widget-image-box\" data-id=\"5603df3\" data-element_type=\"widget\" data-widget_type=\"image-box.default\">\n\t\t\t\t<div class=\"elementor-widget-container\">\n\t\t\t<div class=\"elementor-image-box-wrapper\"><figure class=\"elementor-image-box-img\"><img decoding=\"async\" src=\"https:\/\/jardinethno.fr\/wp-content\/uploads\/2023\/02\/DSC_8462-scaled.jpg\" title=\"DSC_8462\" alt=\"DSC_8462\" loading=\"lazy\" \/><\/figure><div class=\"elementor-image-box-content\"><div class=\"elementor-image-box-title\">Vigne et oliveraie m\u00e9moire<\/div><p class=\"elementor-image-box-description\">Depuis l'antiquit\u00e9, vignes et oliviers font partie int\u00e9grante du paysage m\u00e9diterran\u00e9en. \nLa transformation de leurs fruit en vin ou huile ont fait la renomm\u00e9e, si ce n'est l'identit\u00e9, de la culture locale. Elle s'appuie sur un patrimoine fruitier sp\u00e9cifique \u00e0 nos r\u00e9gions. Cet espaces invite \u00e0 conna\u00eetre cette richesse vari\u00e9tale.<\/p><\/div><\/div>\t\t<\/div>\n\t\t\t\t<\/div>\n\t\t\t\t<div class=\"elementor-element elementor-element-b7be30a elementor-widget__width-initial elementor-widget-mobile__width-inherit elementor-position-top elementor-vertical-align-top elementor-widget elementor-widget-image-box\" data-id=\"b7be30a\" data-element_type=\"widget\" data-widget_type=\"image-box.default\">\n\t\t\t\t<div class=\"elementor-widget-container\">\n\t\t\t<div class=\"elementor-image-box-wrapper\"><figure class=\"elementor-image-box-img\"><img decoding=\"async\" src=\"https:\/\/jardinethno.fr\/wp-content\/uploads\/2023\/02\/DSC_4078-scaled.jpg\" title=\"DSC_4078\" alt=\"DSC_4078\" loading=\"lazy\" \/><\/figure><div class=\"elementor-image-box-content\"><div class=\"elementor-image-box-title\">Rucher<\/div><p class=\"elementor-image-box-description\">Autrefois dans les campagnes, tout le monde avait une ou deux ruches. Leurs fabrication dans des troncs de ch\u00e2taigner faisait partie des travaux d'hiver. Les buscs (ruches) devaient \u00eatre tourn\u00e9es vers le levant et si possible  \u00e0 proximit\u00e9 d'un point d'eau et de plantes mellif\u00e8res. D\u00e8s le mois de juin, les enfants \u00e9taient mobilis\u00e9s pour la poursuite de essains. <\/p><\/div><\/div>\t\t<\/div>\n\t\t\t\t<\/div>\n\t\t\t\t<div class=\"elementor-element elementor-element-fd5e863 elementor-widget__width-initial elementor-widget-mobile__width-inherit elementor-position-top elementor-vertical-align-top elementor-widget elementor-widget-image-box\" data-id=\"fd5e863\" data-element_type=\"widget\" data-widget_type=\"image-box.default\">\n\t\t\t\t<div class=\"elementor-widget-container\">\n\t\t\t<div class=\"elementor-image-box-wrapper\"><figure class=\"elementor-image-box-img\"><img decoding=\"async\" src=\"https:\/\/jardinethno.fr\/wp-content\/uploads\/2023\/02\/Vikings-scaled.jpg\" title=\"Vikings\" alt=\"Vikings\" loading=\"lazy\" \/><\/figure><div class=\"elementor-image-box-content\"><div class=\"elementor-image-box-title\">Charbonni\u00e8re<\/div><p class=\"elementor-image-box-description\">La fabrication du charbon de bois \u00e0 partir du ch\u00eane blanc et surtout du ch\u00eane vert a longtemps constitu\u00e9 un revenu important de nos C\u00e9vennes. Dans une clairi\u00e8re am\u00e9nag\u00e9e, vous pourez d\u00e9couvrir la ''meule'' (charbonni\u00e8re) et la cabane du charbonnier \u00e9difi\u00e9es par les ma\u00eetres du feu.<\/p><\/div><\/div>\t\t<\/div>\n\t\t\t\t<\/div>\n\t\t\t\t\t<\/div>\n\t\t<\/div>\n\t\t\t\t\t\t\t<\/div>\n\t\t<\/section>\n\t\t\t\t\t\t\t<\/div>\n\t\t","protected":false},"excerpt":{"rendered":"<p>Les Jardins Jardin potager m\u00e9di\u00e9val Charg\u00e9 d&rsquo;histoire et de g\u00e9ographie, ce jardin pr\u00e9sente des l\u00e9gumes cultiv\u00e9s avant les grandes d\u00e9couvertes. Point de tomates, ni de haricots, ils ne sont pas encore arriv\u00e9s d&rsquo;Am\u00e9rique. Oignons, choux, poireaux, c\u00f4toient lentilles, f\u00e8ves, pois, navets&#8230; Jardin de simple Lieu de m\u00e9moire et de savoir, il t\u00e9moigne de l&rsquo;utilisation des &hellip;<\/p>\n<p class=\"read-more\"> <a class=\"\" href=\"https:\/\/jardinethno.fr\/?page_id=1184\"> <span class=\"screen-reader-text\">Elementor #1184<\/span> Lire la suite\u00a0\u00bb<\/a><\/p>\n","protected":false},"author":1,"featured_media":0,"parent":0,"menu_order":0,"comment_status":"closed","ping_status":"closed","template":"","meta":{"footnotes":""},"class_list":["post-1184","page","type-page","status-publish","hentry"],"acf":[],"aioseo_notices":[],"_links":{"self":[{"href":"https:\/\/jardinethno.fr\/index.php?rest_route=\/wp\/v2\/pages\/1184","targetHints":{"allow":["GET"]}}],"collection":[{"href":"https:\/\/jardinethno.fr\/index.php?rest_route=\/wp\/v2\/pages"}],"about":[{"href":"https:\/\/jardinethno.fr\/index.php?rest_route=\/wp\/v2\/types\/page"}],"author":[{"embeddable":true,"href":"https:\/\/jardinethno.fr\/index.php?rest_route=\/wp\/v2\/users\/1"}],"replies":[{"embeddable":true,"href":"https:\/\/jardinethno.fr\/index.php?rest_route=%2Fwp%2Fv2%2Fcomments&post=1184"}],"version-history":[{"count":5,"href":"https:\/\/jardinethno.fr\/index.php?rest_route=\/wp\/v2\/pages\/1184\/revisions"}],"predecessor-version":[{"id":1295,"href":"https:\/\/jardinethno.fr\/index.php?rest_route=\/wp\/v2\/pages\/1184\/revisions\/1295"}],"wp:attachment":[{"href":"https:\/\/jardinethno.fr\/index.php?rest_route=%2Fwp%2Fv2%2Fmedia&parent=1184"}],"curies":[{"name":"wp","href":"https:\/\/api.w.org\/{rel}","templated":true}]}}

<div data-elementor-type="wp-page" data-elementor-id="1184" class="elementor elementor-1184">
									<section class="elementor-section elementor-top-section elementor-element elementor-element-7220qii elementor-section-height-min-height elementor-section-boxed elementor-section-height-default elementor-section-items-middle" data-id="7220qii" data-element_type="section" data-settings="{&quot;background_background&quot;:&quot;classic&quot;}">
							<div class="elementor-background-overlay"></div>
							<div class="elementor-container elementor-column-gap-default">
					<div class="elementor-column elementor-col-100 elementor-top-column elementor-element elementor-element-be10890" data-id="be10890" data-element_type="column">
			<div class="elementor-widget-wrap elementor-element-populated">
								<div class="elementor-element elementor-element-02500f6 elementor-widget elementor-widget-heading" data-id="02500f6" data-element_type="widget" data-widget_type="heading.default">
				<div class="elementor-widget-container">
			<style>/*! elementor - v3.11.1 - 15-02-2023 */
.elementor-heading-title{padding:0;margin:0;line-height:1}.elementor-widget-heading .elementor-heading-title[class*=elementor-size-]>a{color:inherit;font-size:inherit;line-height:inherit}.elementor-widget-heading .elementor-heading-title.elementor-size-small{font-size:15px}.elementor-widget-heading .elementor-heading-title.elementor-size-medium{font-size:19px}.elementor-widget-heading .elementor-heading-title.elementor-size-large{font-size:29px}.elementor-widget-heading .elementor-heading-title.elementor-size-xl{font-size:39px}.elementor-widget-heading .elementor-heading-title.elementor-size-xxl{font-size:59px}</style><h1 class="elementor-heading-title elementor-size-default">Les Jardins</h1>		</div>
				</div>
				<div class="elementor-element elementor-element-ffe4386 elementor-widget elementor-widget-text-editor" data-id="ffe4386" data-element_type="widget" data-widget_type="text-editor.default">
				<div class="elementor-widget-container">
			<style>/*! elementor - v3.11.1 - 15-02-2023 */
.elementor-widget-text-editor.elementor-drop-cap-view-stacked .elementor-drop-cap{background-color:#818a91;color:#fff}.elementor-widget-text-editor.elementor-drop-cap-view-framed .elementor-drop-cap{color:#818a91;border:3px solid;background-color:transparent}.elementor-widget-text-editor:not(.elementor-drop-cap-view-default) .elementor-drop-cap{margin-top:8px}.elementor-widget-text-editor:not(.elementor-drop-cap-view-default) .elementor-drop-cap-letter{width:1em;height:1em}.elementor-widget-text-editor .elementor-drop-cap{float:left;text-align:center;line-height:1;font-size:50px}.elementor-widget-text-editor .elementor-drop-cap-letter{display:inline-block}</style>										</div>
				</div>
					</div>
		</div>
							</div>
		</section>
				<section class="elementor-section elementor-top-section elementor-element elementor-element-fa5b33a elementor-section-boxed elementor-section-height-default elementor-section-height-default" data-id="fa5b33a" data-element_type="section">
						<div class="elementor-container elementor-column-gap-no">
					<div class="elementor-column elementor-col-100 elementor-top-column elementor-element elementor-element-175be2c" data-id="175be2c" data-element_type="column">
			<div class="elementor-widget-wrap elementor-element-populated">
								<div class="elementor-element elementor-element-4bc6a95 elementor-widget__width-initial elementor-widget-mobile__width-inherit elementor-position-top elementor-vertical-align-top elementor-widget elementor-widget-image-box" data-id="4bc6a95" data-element_type="widget" data-widget_type="image-box.default">
				<div class="elementor-widget-container">
			<style>/*! elementor - v3.11.1 - 15-02-2023 */
.elementor-widget-image-box .elementor-image-box-content{width:100%}@media (min-width:768px){.elementor-widget-image-box.elementor-position-left .elementor-image-box-wrapper,.elementor-widget-image-box.elementor-position-right .elementor-image-box-wrapper{display:flex}.elementor-widget-image-box.elementor-position-right .elementor-image-box-wrapper{text-align:right;flex-direction:row-reverse}.elementor-widget-image-box.elementor-position-left .elementor-image-box-wrapper{text-align:left;flex-direction:row}.elementor-widget-image-box.elementor-position-top .elementor-image-box-img{margin:auto}.elementor-widget-image-box.elementor-vertical-align-top .elementor-image-box-wrapper{align-items:flex-start}.elementor-widget-image-box.elementor-vertical-align-middle .elementor-image-box-wrapper{align-items:center}.elementor-widget-image-box.elementor-vertical-align-bottom .elementor-image-box-wrapper{align-items:flex-end}}@media (max-width:767px){.elementor-widget-image-box .elementor-image-box-img{margin-left:auto!important;margin-right:auto!important;margin-bottom:15px}}.elementor-widget-image-box .elementor-image-box-img{display:inline-block}.elementor-widget-image-box .elementor-image-box-title a{color:inherit}.elementor-widget-image-box .elementor-image-box-wrapper{text-align:center}.elementor-widget-image-box .elementor-image-box-description{margin:0}</style><div class="elementor-image-box-wrapper"><figure class="elementor-image-box-img"><img decoding="async" src="https://jardinethno.fr/wp-content/uploads/2023/02/DSC_8651-scaled.jpg" title="DSC_8651" alt="DSC_8651" loading="lazy" /></figure><div class="elementor-image-box-content"><h4 class="elementor-image-box-title">Jardin potager médiéval</h4><p class="elementor-image-box-description">Chargé d'histoire et de géographie, ce jardin présente des légumes cultivés avant les grandes découvertes. Point de tomates, ni de haricots, ils ne sont pas encore arrivés d'Amérique. Oignons, choux, poireaux, côtoient lentilles, fèves, pois, navets... </p></div></div>		</div>
				</div>
				<div class="elementor-element elementor-element-78b7e3c elementor-widget__width-initial elementor-widget-mobile__width-inherit elementor-position-top elementor-vertical-align-top elementor-widget elementor-widget-image-box" data-id="78b7e3c" data-element_type="widget" data-widget_type="image-box.default">
				<div class="elementor-widget-container">
			<div class="elementor-image-box-wrapper"><figure class="elementor-image-box-img"><img decoding="async" src="https://jardinethno.fr/wp-content/uploads/2023/02/DSC_8300-scaled.jpg" title="DSC_8300" alt="DSC_8300" loading="lazy" /></figure><div class="elementor-image-box-content"><div class="elementor-image-box-title">Jardin de simple</div><p class="elementor-image-box-description">Lieu de mémoire et de savoir, il témoigne de l'utilisation des plantes dans la vie quotidienne en Basses Cévennes au début du XXe siècle. 
Plantes médicinales mais aussi plantes d'usages ludiques, aromatiques, magiques... évoquent un passé où l'homme et son environnement étaient intimement liés. </p></div></div>		</div>
				</div>
				<div class="elementor-element elementor-element-b081770 elementor-widget__width-initial elementor-widget-mobile__width-inherit elementor-position-top elementor-vertical-align-top elementor-widget elementor-widget-image-box" data-id="b081770" data-element_type="widget" data-widget_type="image-box.default">
				<div class="elementor-widget-container">
			<div class="elementor-image-box-wrapper"><figure class="elementor-image-box-img"><img decoding="async" src="https://jardinethno.fr/wp-content/uploads/2023/02/DSC_8132-scaled.jpg" title="DSC_8132" alt="DSC_8132" loading="lazy" /></figure><div class="elementor-image-box-content"><div class="elementor-image-box-title">Jardin Botanique</div><p class="elementor-image-box-description">De nombreuses espèces végétales, certaines rares et protégées, sont présentes dans la région. Le jardin botanique, sous l'aspect d'une rocaille paysagère, rassemble les plus représentatives dans leurs différents habitats.</p></div></div>		</div>
				</div>
				<div class="elementor-element elementor-element-5603df3 elementor-widget__width-initial elementor-widget-mobile__width-inherit elementor-position-top elementor-vertical-align-top elementor-widget elementor-widget-image-box" data-id="5603df3" data-element_type="widget" data-widget_type="image-box.default">
				<div class="elementor-widget-container">
			<div class="elementor-image-box-wrapper"><figure class="elementor-image-box-img"><img decoding="async" src="https://jardinethno.fr/wp-content/uploads/2023/02/DSC_8462-scaled.jpg" title="DSC_8462" alt="DSC_8462" loading="lazy" /></figure><div class="elementor-image-box-content"><div class="elementor-image-box-title">Vigne et oliveraie mémoire</div><p class="elementor-image-box-description">Depuis l'antiquité, vignes et oliviers font partie intégrante du paysage méditerranéen. 
La transformation de leurs fruit en vin ou huile ont fait la renommée, si ce n'est l'identité, de la culture locale. Elle s'appuie sur un patrimoine fruitier spécifique à nos régions. Cet espaces invite à connaître cette richesse variétale.</p></div></div>		</div>
				</div>
				<div class="elementor-element elementor-element-b7be30a elementor-widget__width-initial elementor-widget-mobile__width-inherit elementor-position-top elementor-vertical-align-top elementor-widget elementor-widget-image-box" data-id="b7be30a" data-element_type="widget" data-widget_type="image-box.default">
				<div class="elementor-widget-container">
			<div class="elementor-image-box-wrapper"><figure class="elementor-image-box-img"><img decoding="async" src="https://jardinethno.fr/wp-content/uploads/2023/02/DSC_4078-scaled.jpg" title="DSC_4078" alt="DSC_4078" loading="lazy" /></figure><div class="elementor-image-box-content"><div class="elementor-image-box-title">Rucher</div><p class="elementor-image-box-description">Autrefois dans les campagnes, tout le monde avait une ou deux ruches. Leurs fabrication dans des troncs de châtaigner faisait partie des travaux d'hiver. Les buscs (ruches) devaient être tournées vers le levant et si possible  à proximité d'un point d'eau et de plantes mellifères. Dès le mois de juin, les enfants étaient mobilisés pour la poursuite de essains. </p></div></div>		</div>
				</div>
				<div class="elementor-element elementor-element-fd5e863 elementor-widget__width-initial elementor-widget-mobile__width-inherit elementor-position-top elementor-vertical-align-top elementor-widget elementor-widget-image-box" data-id="fd5e863" data-element_type="widget" data-widget_type="image-box.default">
				<div class="elementor-widget-container">
			<div class="elementor-image-box-wrapper"><figure class="elementor-image-box-img"><img decoding="async" src="https://jardinethno.fr/wp-content/uploads/2023/02/Vikings-scaled.jpg" title="Vikings" alt="Vikings" loading="lazy" /></figure><div class="elementor-image-box-content"><div class="elementor-image-box-title">Charbonnière</div><p class="elementor-image-box-description">La fabrication du charbon de bois à partir du chêne blanc et surtout du chêne vert a longtemps constitué un revenu important de nos Cévennes. Dans une clairière aménagée, vous pourez découvrir la ''meule'' (charbonnière) et la cabane du charbonnier édifiées par les maîtres du feu.</p></div></div>		</div>
				</div>
					</div>
		</div>
							</div>
		</section>
							</div>

<p>Les Jardins Jardin potager médiéval Chargé d&rsquo;histoire et de géographie, ce jardin présente des légumes cultivés avant les grandes découvertes. Point de tomates, ni de haricots, ils ne sont pas encore arrivés d&rsquo;Amérique. Oignons, choux, poireaux, côtoient lentilles, fèves, pois, navets&#8230; Jardin de simple Lieu de mémoire et de savoir, il témoigne de l&rsquo;utilisation des &hellip;</p>
<p class="read-more"> <a class="" href="https://jardinethno.fr/?page_id=1184"> <span class="screen-reader-text">Elementor #1184</span> Lire la suite »</a></p>
